te the remainder when (10/6)/((-35)/(-1260)) is divided by 7 + z + 15*1.
12
Let l(p) = 4*p**2 - 3*p + 8. Let c = 21 + -19. What is the remainder when l(c) is divided by 10?
8
Suppose 3*y - 416 = 361. Calculate the remainder when y is divided by 29.
27
Let f = -17 + 1. Let b = f + 16. Suppose 14 = -2*p - 5*z, b = -2*p - 0*p + 5*z + 26. Calculate the remainder when 14 is divided by p.
2
Let q = -214 - -252. What is the remainder when 340 is divided by q?
36
Suppose 3*r + 52 = 259. Suppose 54 = -5*u + r. Suppose -3*c + 8*c - 20 = 0. Calculate the remainder when c is divided by u.
1
Suppose 154*o = 149*o + 1170. Calculate the remainder when o is divided by 63.
45
Let v be (-402)/8 - 14/(-56). What is the remainder when 3/5 - 5270/v is divided by 27?
25
Suppose w = 2*n + 4*w + 18, n + 9 = 2*w. Let x = 25 - n. Calculate the remainder when 100 is divided by x.
32
Suppose -4*u + 5 = -16*p + 15*p, p + 2*u - 19 = 0. What is the remainder when 823 is divided by p?
9
Let g(k) = k**3 + 40. Suppose 360*t = 381*t - 441. Calculate the remainder when g(0) is divided by t.
19
Let o be 0 + 9 + (-7)/7. Suppose -o*v + 4*v = -92. Calculate the remainder when 89 is divided by v.
20
What is the remainder when 4 is divided by 2 - 5*(-5)/(-25)*0?
0
Suppose -4*i = -s + 12, 2*s + 14*i = 12*i + 4. What is the remainder when 45 is divided by s?
1
Let b(h) = 14*h**2 - 26*h - 90. Calculate the remainder when b(-3) is divided by 13.
10
Let l = -100 + 141. Suppose -l = -4*v - x, -3*v = 2*x - 9 - 23. Calculate the remainder when v is divided by 4.
2
Let l = 10 - -5. Suppose 4*o + o = 5*w - 65, -3*w - 105 = 5*o. What is the remainder when l is divided by (-148)/o - 34/153?
7
Let j(n) = -2*n**2 + 67*n + 2. What is the remainder when j(33) is divided by 26?
9
Let g = 31 + 11. Suppose -177 = -5*o - g. What is the remainder when o is divided by 6?
3
Let i(f) be the first derivative of -2*f**3/3 - 15*f**2/2 + 4*f - 10. What is the remainder when 20 is divided by i(-7)?
9
Let m(q) = -q**3 + q**2 + q - 3. Let u(z) = z**2 - z + 1. Let k(a) = -2*m(a) - 2*u(a). What is the remainder when 9 is divided by k(2)?
1
Let n(y) = -5*y**3 + y**2 - 1. What is the remainder when 26 is divided by n(-1)?
1
Let t(w) = 204*w**2 - 28*w + 28. Calculate the remainder when t(1) is divided by 23.
20
Suppose 0 = -j + 72 + 26. Suppose -8*g = 6*g - j. What is the remainder when 53 is divided by g?
4
Suppose -10 = 2*i, -5*d + 2*i + 8 + 32 = 0. Suppose -667 = -11*a - 271. Suppose -9*t + d*t = -a. Calculate the remainder when 22 is divided by t.
10
Let h(s) = -6*s - 91. What is the remainder when 18 is divided by h(-16)?
3
Calculate the remainder when (-6465)/(-9) - (-4)/6 is divided by 24.
23
Suppose -4*k + 626 = -2*n, -5*k + 847 = -6*n + 75. Calculate the remainder when k is divided by 10.
8
Suppose -7*o - 3 = -3*f - 4*o, -4*f + 2*o + 10 = 0. Suppose 4*d = -x + 1 + 82, -5*d = f*x - 387. What is the remainder when x is divided by 26?
25
Let q = 2 - 3. Let t(c) = 16*c**2 - 4*c + 1. Let r(y) = 15*y**2 - 5*y + 2. Let x(j) = -2*r(j) + 3*t(j). What is the remainder when 35 is divided by x(q)?
16
Suppose h + 5*r + 14 = 18, -5*h - 2*r + 66 = 0. Suppose -n - 2 = -54. Calculate the remainder when n is divided by h.
10
Suppose -4*g = 2*u - 148, 2*u + 4*g = -2*u + 312. Calculate the remainder when (u/(-6))/((-2)/6) is divided by 17.
7
Let b = 16 + -17. Let f(x) = -13*x**3 - x**2 - 2*x - 1. What is the remainder when f(b) is divided by 5?
3
Suppose -4*b + 55 = -3*x, 4*b - 61 = -9*x + 10*x. What is the remainder when b is divided by 3?
1
Suppose 9*b - 135 = -0*b. Suppose -2*m + 33 = m. Let g = m + -5. Calculate the remainder when b is divided by g.
3
Suppose 3 = -16*h + 17*h. Suppose -h*g = -4*d - 69, g + 3*d = 2*d + 16. What is the remainder when 51 is divided by g?
13
Suppose 2*d - 51 - 21 = 0. Let u = -9 + d. What is the remainder when 106 is divided by u?
25
Suppose 180 = -0*l + 5*l. Let s(n) = 4*n - 25. Let b = -26 - -37. Calculate the remainder when l is divided by s(b).
17
Suppose -7*n = -6*n - 44. Calculate the remainder when n is divided by 3.
2
Let v = 44 - 39. Suppose -4*m = -79 - v. What is the remainder when 62 is divided by m?
20
Suppose -5*s = b + 42 - 61, -3*b = 3. Let i(r) = 3*r**3 - r**2 + r - 3. Calculate the remainder when i(2) is divided by s.
3
Suppose 2*g + 0*g - 552 = 0. Suppose 32 - 5 = v - 2*b, b + 122 = 4*v. What is the remainder when g is divided by v?
28
Let z(k) = -k - 4. Let y be z(4). Suppose 0 = -v - 2. What is the remainder when 50 is divided by (-51)/(-4) + v/y?
11
Suppose 0 = 25*p - 28*p + 66. Suppose h - 1 = 2*t, 5*h + 4*t - 2 = 3*h. Suppose -2*z + 20 = 3*y, -3 = -z + h. Calculate the remainder when p is divided by y.
2
Suppose 5*s - 518 = -2*o, 0 = -s + o + 98 - 0. Suppose -3*x = -34 - 44. Calculate the remainder when s is divided by x.
24
Let h(b) = 10*b**2 - 5*b + 3. Suppose -2*u = -2*y - 6, 0 = -2*u - 0*y + 4*y. Let j be 14/u + 2/3. What is the remainder when h(j) is divided by 20?
18
Let g be (9/(-6))/((-1)/2). Suppose -g*p + p = k - 13, 5*k - 65 = -4*p. What is the remainder when k is divided by (-2)/(-4) + (-14)/(-4)?
1
Suppose 3*f - 141 = -3*h, -4*f - 39*h + 178 = -40*h. Calculate the remainder when 223 is divided by f.
43
Suppose 7*x + 130 = 5*k + 2*x, 0 = 5*x + 5. Let z = k - 2. Let j(s) = 14*s - 4. Calculate the remainder when j(5) is divided by z.
20
Let v be (-5 + 21)/(-4) - 10*-1. Suppose -y - 5*i + 166 = y, -3*i = v. Calculate the remainder when y is divided by 30.
28
Suppose 5*l + q - 24 = 0, 2*l + l - 4*q = 19. Let j = 3 + l. Let v(r) = 2*r + 21. Calculate the remainder when j is divided by v(-9).
2
Let h be (0 + 1 - 2) + -46. Let r be h - -1*8/(-4). Calculate the remainder when 28/r + 722/14 is divided by 13.
12
Let o be 2/(-1 - 1)*(-1 - -1). Suppose 2*f - 12*f + 1020 = o. What is the remainder when f is divided by 21?
18
Suppose -k + 19 = -34. Calculate the remainder when 313 is divided by k.
48
Let q(y) = 27*y**2 + y. Let f be q(1). Suppose 4*i - 216 = f. Calculate the remainder when i is divided by 5452/174 - (-4)/6.
29
Suppose -r - 5*k + 51 = 0, 189*r - 4*k - 33 = 188*r. Let z(w) = -5*w**3 - w**2 + 3*w + 4. Calculate the remainder when z(-3) is divided by r.
39
Suppose -5*q + 3*m = -15, -q + 3 + 0 = 5*m. Suppose -3*v - v = -q*u - 8, -4*v + 2*u + 12 = 0. What is the remainder when 14 is divided by v?
4
Suppose 120 = -339*o + 345*o. What is the remainder when 71 is divided by o?
11
Let c be (-20 - 2)/(-2) - 5. Suppose -c*r = -184 - 230. What is the remainder when r is divided by 35?
34
Suppose -379*v = -374*v - h - 2519, 3*v - 4*h - 1525 = 0. What is the remainder when v is divided by 18?
17
Suppose -5*g = 5*d - 95, -g = 4*d - 47 + 16. Let m = g - 9. Let q(k) = k + 5. What is the remainder when 43 is divided by q(m)?
10
Let j = -70 - 32. Calculate the remainder when 36 is divided by (j/36 + 3)*114.
17
Suppose 4*m = s + 2*s + 84, 2*m - 2*s - 42 = 0. What is the remainder when 41 is divided by m?
20
Let r(n) = n**2 - 22*n + 128. What is the remainder when r(19) is divided by 18?
17
Calculate the remainder when (-2)/32*-424 + 1/(-2) is divided by 8.
2
Suppose 1033 + 717 = 10*z. Calculate the remainder when z is divided by 16.
15
Let n(z) = -9*z + 1. Let b be n(-5). Suppose 0 = 4*t - 3*t + 4*i - b, -4*i = -t + 70. Suppose r + 2*r - 90 = 0. Calculate the remainder when t is divided by r.
28
Let o(l) = l**3 + 5*l**2 + 2*l + 8. Let k = -23 - -60. Calculate the remainder when k is divided by o(-3).
17
Suppose 3*r + 6*t - 9*t = 21, 3*r - 41 = -2*t. What is the remainder when 40 is divided by r?
7
What is the remainder when 479 is divided by (-22)/((-484)/(-33))*(-74)/3?
35
Suppose 5*b + 3*g - 148 = -g, -108 = -4*b + 2*g. Calculate the remainder when 162 is divided by b.
22
Let q(s) = s**2 - 25*s + 19. Let o(i) = -1. Let z(a) = 5*o(a) + q(a). What is the remainder when 38 is divided by z(25)?
10
Suppose -30*z = -29*z + 6. Suppose 0*i + 3*x = -2*i + 153, i + x - 79 = 0. Let m = i + z. Calculate the remainder when m is divided by 20.
18
Suppose 2*w + 4 = -0*w. Suppose 0 = -4*d + t + 57, 4*t = 4*d - 24 - 24. Calculate the remainder when (2 + (-25)/w)*4 is divided by d.
13
Let k = 1325 - 1058. What is the remainder when k is divided by 67?
66
Let a(g) = 12*g**2 - 32*g - 6. What 